{"id":498,"date":"2012-06-08T17:09:54","date_gmt":"2012-06-08T16:09:54","guid":{"rendered":"https:\/\/andyland.info\/wordpress\/?page_id=498"},"modified":"2022-05-25T10:04:45","modified_gmt":"2022-05-25T09:04:45","slug":"impressum","status":"publish","type":"page","link":"https:\/\/andyland.info\/wordpress\/impressum\/","title":{"rendered":"Impressum"},"content":{"rendered":"<p>Also: der ganze Kram hier wurde und wird verzapft von<\/p>\n<p>Andreas Fischer<br \/>\nJonny-Loesch-Weg 6<br \/>\n22926 Ahrensburg<br \/>\ninfo *\u00e4+* andyland.info<\/p>\n<p>+49 176 78293472<\/p>\n<p>Sollte sich durch die hier dargestellten Fotos, Inhalte, Aussagen etc. irgendjemand irgendwie benachteiligt, \u00fcbergangen, fehlgeleitet, (&#8230;) f\u00fchlen, bitte ich um kurze Benachrichtigung. generell bin ich stets um Einigung in eventuellen Problemf\u00e4llen bem\u00fcht. Klagen und prozessieren hat eigentlich keinen Zweck, ich hab eh&#8217; keine Kohle. Ausserdem sollten wir alle versuchen, MITeinander und nicht GEGENeinander zu leben&#8230;Frieden und so. jawohl.<\/p>\n<p>DSGVO etc:<\/p>\n<p>Hier wird nichts personenbezogenes gespeichert. Das einzig interessante ist das WPStatistics-Plugin. IP Adressen werden gehasht und sind weder f\u00fcr mich noch f\u00fcr irgendwen sonst einsehbar. GEO-IP-Tagging ist deaktiviert. Einbindung\u00a0von Social Media passiert per c&#8217;t Shariff. Mails, die per Kontaktformular geschickt werden, werden nicht gespeichert.<\/p>\n","protected":false},"excerpt":{"rendered":"<p>Also: der ganze Kram hier wurde und wird verzapft von Andreas Fischer Jonny-Loesch-Weg 6 22926 Ahrensburg info *\u00e4+* andyland.info +49 176 78293472 Sollte sich durch die hier dargestellten Fotos, Inhalte, Aussagen etc. irgendjemand irgendwie benachteiligt, \u00fcbergangen, fehlgeleitet, (&#8230;) f\u00fchlen, bitte ich um kurze Benachrichtigung. generell bin ich stets um Einigung \u2026 <a class=\"continue-reading-link\" href=\"https:\/\/andyland.info\/wordpress\/impressum\/\"> Continue reading <span class=\"meta-nav\">&rarr; <\/span><\/a><\/p>\n","protected":false},"author":3,"featured_media":0,"parent":0,"menu_order":20,"comment_status":"closed","ping_status":"closed","template":"","meta":{"_crdt_document":"","footnotes":"","_links_to":"","_links_to_target":""},"class_list":["post-498","page","type-page","status-publish","hentry","odd"],"_links":{"self":[{"href":"https:\/\/andyland.info\/wordpress\/wp-json\/wp\/v2\/pages\/498","targetHints":{"allow":["GET"]}}],"collection":[{"href":"https:\/\/andyland.info\/wordpress\/wp-json\/wp\/v2\/pages"}],"about":[{"href":"https:\/\/andyland.info\/wordpress\/wp-json\/wp\/v2\/types\/page"}],"author":[{"embeddable":true,"href":"https:\/\/andyland.info\/wordpress\/wp-json\/wp\/v2\/users\/3"}],"replies":[{"embeddable":true,"href":"https:\/\/andyland.info\/wordpress\/wp-json\/wp\/v2\/comments?post=498"}],"version-history":[{"count":0,"href":"https:\/\/andyland.info\/wordpress\/wp-json\/wp\/v2\/pages\/498\/revisions"}],"wp:attachment":[{"href":"https:\/\/andyland.info\/wordpress\/wp-json\/wp\/v2\/media?parent=498"}],"curies":[{"name":"wp","href":"https:\/\/api.w.org\/{rel}","templated":true}]}}